Calculate p(-2).
15
Let p(o) = -41*o**3. Calculate p(1).
-41
Let u(m) = m**3 - m**2 - 12*m + 27. Give u(3).
9
Let u(h) = h**2 - 765*h + 22742. What is u(31)?
-12
Let u(a) = 21*a - 63. Calculate u(2).
-21
Let l(z) = 25*z - 1114. Give l(40).
-114
Let o(v) = 210*v - 2542. What is o(12)?
-22
Let b(t) = -t**3 - 7*t**2 + 4*t + 33. Calculate b(-7).
5
Let s(a) = -2*a**2 - 45*a - 105. Calculate s(-19).
28
Let x(l) = -l**3 + 4*l**2 + 355*l - 27. What is x(-17)?
7
Let c(n) = 7*n - 79. What is c(29)?
124
Let u(w) = -w**3 - 40*w**2 + 6*w - 96. What is u(-40)?
-336
Let d(i) = -i**2 + 68*i + 314. Calculate d(74).
-130
Let r(n) = n**3 + 181*n**2 - 12979*n + 233. Give r(-236).
-3
Let g(t) = 226*t + 2041. Give g(-9).
7
Let y(x) = 32*x - 548. Give y(8).
-292
Let d(t) = t**3 - 25*t**2 - 240*t + 456. What is d(32)?
-56
Let h(n) = -n**2 - 6167*n - 36975. Give h(-6).
-9
Let l(k) = 76*k**2 - 921*k + 41. Calculate l(12).
-67
Let t(q) = q**2 + 54*q + 659. Calculate t(-19).
-6
Let j(g) = -4*g**2 + 179*g + 122. What is j(45)?
77
Let k(g) = -4*g**3 + 24*g**2 - 23*g. Give k(1).
-3
Let u(j) = j**3 - 67*j**2 + 128*j + 93. Give u(65).
-37
Let v(s) = -3*s**2 - 54*s + 39. What is v(-21)?
-150
Let q(r) = 356*r - 50. Give q(1).
306
Let h(c) = -191*c - 8584. Determine h(-45).
11
Let c(w) = w**3 + 16*w**2 - 16*w - 7. Give c(-17).
-24
Let o(s) = s**2 + 136*s - 8373. Determine o(-182).
-1
Let y(a) = 10*a**2 + 114*a + 213. Calculate y(-9).
-3
Let u(f) = f**3 + 13*f**2 - 40*f + 24. Determine u(-15).
174
Let n(i) = -i**2 - 53*i - 556. Calculate n(-14).
-10
Let b(r) = 474*r**3 + r**2 + 2*r - 2. Calculate b(-1).
-477
Let b(a) = 13103*a + 39291. Give b(-3).
-18
Let m(a) = a**2 + 80*a - 4780. Give m(41).
181
Let u(b) = 4*b**2 + 547*b + 938. Give u(-135).
-7
Let p(b) = -b**3 + b**2 - 391*b + 2453. Calculate p(6).
-73
Let j(w) = 30*w + 30. Calculate j(3).
120
Let x(b) = -17*b + 97. What is x(11)?
-90
Let u(w) = 1875*w + 13117. Calculate u(-7).
-8
Let n(k) = -k**3 - 18*k**2 - 8*k - 133. Determine n(-18).
11
Let f(n) = n**3 + 49*n**2 - 105*n - 78. Determine f(-51).
75
Let t(o) = -o**2 - 26*o + 21. Determine t(0).
21
Let p(r) = 2*r**2 - 19*r - 58. Give p(11).
-25
Let x(m) = 3*m**2 - 66*m + 28. Determine x(21).
-35
Let c(q) = 2*q**3 + 187*q**2 + 273*q - 308. What is c(-92)?
-32
Let k(v) = -v**3 - 2*v**2 + 152*v - 622. Calculate k(7).
1
Let s(p) = -5*p**2 - 176*p - 74. Give s(-35).
-39
Let w(r) = 2*r**2 + 14*r - 72. Determine w(5).
48
Let t(a) = 2*a**3 + 17*a**2 + 10*a - 70. Calculate t(-8).
-86
Let k(a) = 4*a**3 + 14*a**2 - 7*a - 1. Calculate k(2).
73
Let d(w) = w**2 + 122*w - 3471. Give d(25).
204
Let n(u) = 4*u - 25. Give n(-10).
-65
Let r(y) = y**2 - 315*y + 8548. Give r(30).
-2
Let d(v) = 250*v + 9995. Give d(-40).
-5
Let u(r) = -2*r**3 + 9*r**2 - r - 7. Determine u(4).
5
Let o(u) = -2*u**3 - 5*u**2 - u - 179. Calculate o(-5).
-49
Let l(n) = 27*n - 1346. Give l(38).
-320
Let j(b) = b**3 - 29*b**2 + 204*b - 3303. Give j(26).
-27
Let r(c) = -15*c**2 + 274*c - 347. Determine r(17).
-24
Let x(j) = -j**2 + 2*j + 15. Determine x(0).
15
Let n(m) = -17*m**2 - 4218*m - 501. Determine n(-248).
-5
Let s(l) = 15*l**3 + 4*l**2 - 26*l + 23. Give s(1).
16
Let t(n) = -n**2 + 29*n + 21. Determine t(29).
21
Let h(d) = d**3 + 22*d**2 - 17*d + 152. Give h(-23).
14
Let g(d) = 91*d + 1535. What is g(-17)?
-12
Let y(v) = v**2 - 400*v + 8671. Determine y(23).
0
Let i(x) = -96*x**2 + 10*x + 9. Determine i(-1).
-97
Let s(v) = -168*v + 6052. Determine s(36).
4
Let f(n) = n**3 + 39*n**2 + 34*n - 25. Determine f(-38).
127
Let v(s) = 2*s**2 - 140*s + 135. Determine v(69).
-3
Let g(j) = 4*j + 137. What is g(-31)?
13
Let l(r) = 3*r**2 - 283*r - 2818. What is l(-9)?
-28
Let y(j) = -80*j - 159. Determine y(-3).
81
Let m(b) = 303*b - 8167. Determine m(27).
14
Let v(o) = 1037*o - 5173. Determine v(5).
12
Let p(m) = -11*m - 176. Give p(-36).
220
Let y(u) = -u**3 - 10*u**2 - 6*u + 33. Give y(2).
-27
Let v(x) = -x**3 - x**2 + 28*x - 15. Calculate v(-6).
-3
Let d(g) = -g**2 + 54*g + 191. Give d(-4).
-41
Let w(z) = -56*z - 1445. Determine w(-26).
11
Let i(r) = -r**3 - 41*r**2 - 33*r + 118. Determine i(-40).
-162
Let i(p) = 22*p**3 - 7*p**2 - 13*p - 13. Give i(-2).
-191
Let n(c) = 11*c**2 - 2152*c + 1370. Give n(195).
5
Let w(g) = -2*g**2 - 69*g + 244. Calculate w(-38).
-22
Let u(x) = -x**2 - 56*x - 264. Give u(-50).
36
Let s(n) = -12*n**2 + 70*n - 20. Give s(10).
-520
Let h(j) = 62*j + 152. Calculate h(-6).
-220
Let c(r) = -505*r - 2530. Give c(-5).
-5
Let k(j) = 92*j + 96. What is k(-1)?
4
Let x(b) = -2*b**2 - 239*b - 4977. Give x(-27).
18
Let y(c) = c**3 - 31*c**2 + 54*c + 91. Determine y(29).
-25
Let o(h) = 5*h**2 - 326*h - 1652. Determine o(-5).
103
Let c(u) = u**3 - 2*u**2 - 90*u + 331. What is c(4)?
3
Let z(f) = -14*f**2 - 28*f. Calculate z(-1).
14
Let n(s) = -426*s - 2127. Determine n(-5).
3
Let x(s) = 14*s + 1260. Calculate x(-18).
1008
Let l(i) = -i**3 - 61*i**2 + 129*i + 183. What is l(-63)?
-6
Let d(x) = 10*x**2 - 84*x - 13. Give d(7).
-111
Let g(a) = 47*a + 56. Determine g(-2).
-38
Let f(p) = p**3 + 23*p**2 + 45*p + 15. What is f(-21)?
-48
Let a(w) = w**3 + 3*w**2 - 71*w - 318. What is a(-5)?
-13
Let l(s) = -24*s**2 + 464*s - 1971. Give l(13).
5
Let b(p) = 10*p - 289. What is b(30)?
11
Let c(q) = 3*q**3 - 102*q**2 + 57*q + 1377. Give c(33).
-9
Let b(u) = -u**3 - 93*u**2 + 11*u + 458. Calculate b(-93).
-565
Let f(c) = 4*c**3 + 3*c**2 - 2*c + 10. Calculate f(4).
306
Let r(n) = -n**2 - 33*n - 336. What is r(-22)?
-94
Let o(q) = 64*q - 7856. Give o(122).
-48
Let b(f) = -f**2 + 8428*f - 100980. Calculate b(12).
12
Let b(x) = -1524*x + 22881. Determine b(15).
21
Let b(h) = h**3 + 3*h**2 + 7*h + 11. What is b(-2)?
1
Let l(t) = t**3 - 13*t**2 - 37*t + 59. Determine l(15).
-46
Let s(f) = -6067*f - 5. Determine s(0).
-5
Let y(q) = -19*q**3 + 26*q**2 + 27*q - 1. What is y(2)?
5
Let a(m) = -21*m + 19. Determine a(11).
-212
Let y(r) = -2*r - 147. Give y(15).
-177
Let p(q) = 41*q - 1720. Calculate p(42).
2
Let l(m) = 91*m + 6883. Calculate l(-82).
-579
Let a(n) = n**2 - 80*n + 1517. Calculate a(56).
173
Let p(s) = 12*s**2 - 153*s + 484. What is p(7)?
1
Let h(q) = -97*q**2 + 1940*q - 8. Calculate h(20).
-8
Let z(x) = 21*x**2 + 36*x + 192. Calculate z(-5).
537
Let c(q) = -2*q**2 - 261*q + 797. Determine c(3).
-4
Let j(f) = -295*f - 889. Calculate j(-4).
291
Let o(z) = 19*z**2 + 20*z - 20. Determine o(1).
19
Let v(u) = 3*u**2 + 182*u + 1160. Calculate v(-7).
33
Let a(n) = -n**3 + 38*n**2 + 208*n - 12. What is a(-5)?
23
Let o(z) = 38*z**3 - 2*z**2 - 8*z - 7. Calculate o(-1).
-39
Let i(s) = -4*s**3 - 53*s**2 + 52*s + 46. Give i(-14).
-94
Let x(a) = -a**2 + 85*a + 456. Give x(90).
6
Let n(t) = 710*t - 4966. Determine n(7).
4
Let n(g) = -g**2 + 405*g + 14448. Calculate n(-33).
-6
Let u(a) = 2007*a + 5883. Calculate u(-3).
-138
Let t(z) = 200*z + 4278. Determine t(-22).
-122
Let b(k) = -1111*k + 1911. Give b(2).
-311
Let v(c) = c**3 + 37*c**2 + 45*c + 323. Determine v(-36).
-1
Let w(a) = -a**3 - 7*a**2 - 4*a + 13. What is w(-6)?
1
Let u(b) = -b**3 - 50*b**2 - 67*b - 900. Calculate u(-49).
-18
Let w(b) = -b**3 - 10*b**2 - 65*b - 104. What is w(-2)?
-6
Let h(u) = u**2 + 20*u - 44. What is h(-23)?
25
Let j(w) = -6*w**2 - 3*w + 27. What is j(6)?
-207
Let q(c) = c**2 + 171*c - 4468. Give q(23).
-6
Let h(j) = -j**3 - j**2 + 7*j + 17. Determine h(0).
17
Let v(r) = 11*r**2 - 37*r - 19. What is v(4)?
9
Let j(w) = 24*w + 917. Give j(-38).
5
Let x(g) = 21*g**2 - 138*g + 218. Determine x(3).
-7
Let f(b) = 49*b + 5. What is f(-2)?
-93
Let j(b) = 1110*b - 43293. Calculate j(39).
-3
Let i(r) = -r**3 - 43*r**2 - 84*r - 92. Determine i(-41).
-10
Let i(p) = -242*p - 921. Determine i(-5).
289
Let f(r) = 3*r**3 - 9*r**2 + 8*r - 7. Determine f(3).
17
Let f(w) = 2144*w + 8569. Determine f(-4).
-7
Let t(j) = j - 70. Determine t(8).
-62
Let y(n) = 72*n**2 - 2238*n + 179. What is y(31)?
-7
Let p(d) = 7*d**3 - 33*d**2 - 49*d - 16. Determine p(6).
14
Let a(f) = f**2 + 3*f - 91. Give a(-11).
-3
Let j(t) = 41*t + 151. Calculate j(6).
397
Let y(n) = -28*n + 79. Calculate y(3).
-5
Let c(q) = 8*q**2 + 84*q + 113. Give c(-10).
73
Let x(d) = -d**3 + 22*d**2 - d + 27. Determine x(22).
5
Let p(z) = -3*z**2 - 100*z - 485. Calculate p(-29).
-108
Let n(c) = 8*c**2 - 398*c + 1